 - 9. What is b(0)?
-9
Let z(h) = 2673*h + 8020. Calculate z(-3).
1
Let h(i) = i**2 - 666*i - 2685. Give h(-4).
-5
Let g(l) = -l**3 + 3*l**2 - 4*l + 18. What is g(5)?
-52
Let a(s) = 184*s**2 - 3128*s - 1. Give a(17).
-1
Let i(y) = y**2 + 3*y - 134. Calculate i(-15).
46
Let u(n) = n**2 - 23*n - 16. Determine u(24).
8
Let h(m) = m**3 - 38*m**2 + 262*m - 41. Calculate h(9).
-32
Let j(b) = -2*b**2 - 264*b - 1557. Calculate j(-125).
193
Let w(j) = -j**2 + 22*j - 40. Calculate w(16).
56
Let s(f) = -2*f**2 - 215*f - 828. Calculate s(-4).
0
Let s(l) = l**2 - 77*l + 717. Determine s(11).
-9
Let v(m) = 137*m - 350. What is v(3)?
61
Let j(y) = -2229*y + 4532. Give j(2).
74
Let u(i) = i**2 - 72*i + 770. Give u(63).
203
Let o(n) = -2*n**3 + 2*n**2 + 11*n - 13. Calculate o(-3).
26
Let g(p) = -2*p**3 + 8*p**2 - 15*p + 5. Determine g(7).
-394
Let a(r) = -1882*r + 15093. Calculate a(8).
37
Let d(c) = 2*c**2 - 63*c + 297. Give d(6).
-9
Let k(i) = 18*i**2 - 103*i - 6. Calculate k(5).
-71
Let z(y) = 24*y**2 - 99*y + 20. Give z(4).
8
Let t(x) = -2*x**3 - 29*x**2 - 81*x + 1. Calculate t(-11).
45
Let i(k) = -290*k - 889. What is i(-3)?
-19
Let g(a) = a**3 - 11*a**2 - 64*a + 334. Give g(7).
-310
Let m(h) = 9*h + 204. What is m(-23)?
-3
Let w(s) = s**3 - 88*s**2 + 76*s + 205. What is w(87)?
-752
Let w(r) = 3*r**2 + 29*r + 83. What is w(-8)?
43
Let s(g) = 26*g + 141. Give s(5).
271
Let d(r) = r**2 + 429*r + 3776. Determine d(-9).
-4
Let u(b) = -b**2 + 144*b + 3464. Calculate u(165).
-1
Let i(p) = p + 245. Determine i(10).
255
Let j(z) = 2894*z + 49201. What is j(-17)?
3
Let p(n) = -320*n + 1911. Determine p(6).
-9
Let i(d) = 10*d + 495. What is i(-59)?
-95
Let y(x) = x**3 - 21*x**2 + 16*x - 543. Give y(21).
-207
Let n(m) = -54*m**2 - 87*m + 180. What is n(2)?
-210
Let b(w) = 6*w + 103. Determine b(-10).
43
Let i(m) = 43*m + 25. Determine i(6).
283
Let k(v) = 11*v**2 + 231*v - 783. Determine k(-24).
9
Let o(j) = 78*j + 44. What is o(1)?
122
Let b(m) = 48*m - 1018. Give b(23).
86
Let x(g) = g**3 - 87*g**2 + 79*g + 587. Give x(86).
-15
Let d(a) = a**3 + 7*a**2 - 118*a + 137. What is d(7)?
-3
Let w(l) = -267*l - 54. Give w(0).
-54
Let k(r) = 6*r**2 - 294*r - 6. Give k(49).
-6
Let l(m) = 2*m**3 + 35*m**2 + 28*m + 37. Calculate l(-17).
-150
Let d(v) = 233*v - 194. Give d(2).
272
Let j(u) = 31*u**2 - 4748*u + 764. Determine j(153).
-1
Let d(x) = x**3 + 10*x**2 - 104*x - 1059. Calculate d(-10).
-19
Let u(n) = 116*n + 1489. Give u(-13).
-19
Let h(s) = -136*s + 344. Give h(3).
-64
Let o(r) = -5*r**2 - 445*r + 454. Determine o(-90).
4
Let c(k) = 976*k - 26382. What is c(27)?
-30
Let y(q) = -31*q + 14. Determine y(-5).
169
Let s(z) = -z**3 + 8*z**2 + 171*z - 744. What is s(4)?
4
Let a(l) = 15*l - 48. Give a(5).
27
Let t(g) = -81*g + 421. Determine t(7).
-146
Let r(f) = -f**3 + 13*f**2 + 73*f + 45. Calculate r(16).
445
Let y(v) = 579*v - 1152. What is y(2)?
6
Let v(f) = 5*f**2 - 3*f + 8. Determine v(-4).
100
Let f(h) = -h**2 - 995*h - 10826. Calculate f(-11).
-2
Let k(c) = -43*c**2 + 9*c - 22. Calculate k(2).
-176
Let f(s) = 67*s + 987. Give f(-13).
116
Let u(b) = -12*b**2 - 280*b - 86. Calculate u(-23).
6
Let q(p) = -p**2 - 51*p + 504. Determine q(9).
-36
Let v(q) = 3*q**2 - 36*q - 52. Determine v(12).
-52
Let k(a) = -66*a**2 - 128*a + 258. Determine k(2).
-262
Let b(h) = 245*h - 7108. Calculate b(29).
-3
Let v(r) = 772*r - 154. What is v(1)?
618
Let g(s) = -s**3 + 10*s**2 + 100*s + 11. What is g(16)?
75
Let x(y) = 4*y**3 + 245*y**2 - 187*y - 75. What is x(-62)?
-13
Let x(c) = c**3 - 24*c**2 - 65*c - 3. Give x(26).
-341
Let g(d) = 10*d**2 - 488*d + 489. What is g(1)?
11
Let t(i) = -2*i**2 - 176*i - 2528. Determine t(-18).
-8
Let g(r) = -r**2 - 45*r - 469. What is g(-26)?
25
Let u(b) = -b**3 + 16*b**2 - 24*b - 63. Determine u(14).
-7
Let y(m) = -2*m**2 + 7*m - 14. Give y(2).
-8
Let q(g) = -23*g - 96. Calculate q(-16).
272
Let d(q) = -12*q**2 + 149*q + 92. Calculate d(13).
1
Let x(q) = -163*q + 8963. Determine x(55).
-2
Let o(s) = -490*s + 886. What is o(3)?
-584
Let l(n) = 32*n - 2292. Determine l(67).
-148
Let k(q) = 691*q - 4146. Give k(6).
0
Let p(d) = -d**3 - 8*d**2 - 28*d - 87. Calculate p(-5).
-22
Let n(m) = 359*m + 714. Calculate n(-2).
-4
Let k(d) = d**2 - 37*d + 240. What is k(29)?
8
Let o(a) = 46*a - 170. Calculate o(4).
14
Let m(q) = -3*q**3 + 145*q**2 - 46*q - 100. Determine m(48).
-4
Let v(x) = -8*x**3 - 78*x**2 + 16*x + 10. Give v(-10).
50
Let x(a) = -3*a**2 + 15*a + 35. Give x(6).
17
Let g(v) = v**3 + 12*v**2 + 16*v + 80. Give g(-11).
25
Let z(k) = -294*k**2 - 2937*k + 12. Calculate z(-10).
-18
Let g(k) = 15*k - 73. Give g(-21).
-388
Let x(o) = -35*o - 173. Calculate x(-5).
2
Let w(s) = -111*s + 1578. Give w(14).
24
Let l(h) = -2*h**2 - 449*h - 1758. Determine l(-4).
6
Let n(b) = b**2 + 262*b + 5056. Calculate n(-21).
-5
Let r(q) = 200*q + 55390. Calculate r(-277).
-10
Let u(n) = 6*n**2 - 1843*n + 3964. What is u(305)?
-1
Let x(d) = d**3 + 42*d**2 - 39*d + 155. What is x(-43)?
-17
Let u(r) = -2*r**3 - 12*r**2 + 6*r + 9. Determine u(-6).
-27
Let a(j) = -2136*j - 8414. What is a(-4)?
130
Let f(m) = -m**3 - 36*m**2 - 142*m - 435. What is f(-32)?
13
Let l(y) = 10*y + 72. Give l(-14).
-68
Let w(d) = -d**3 + 55*d**2 + 111*d + 200. What is w(57)?
29
Let w(s) = -s**3 + 19*s**2 - 40*s + 405. Calculate w(18).
9
Let m(y) = 5*y**3 - 59*y**2 - 550*y - 153. Determine m(18).
-9
Let y(w) = 15*w + 423. Give y(-30).
-27
Let o(g) = -g**3 + 15*g**2 - 22*g + 39. Give o(13).
91
Let w(d) = 23*d + 896. Determine w(-37).
45
Let i(c) = 258*c - 6199. Determine i(24).
-7
Let s(m) = -m**3 - 11*m**2 + 80*m + 582. Determine s(-7).
-174
Let b(p) = -22*p + 610. Calculate b(25).
60
Let k(t) = -t**3 + 24*t**2 - 129*t - 32. What is k(18)?
-410
Let z(w) = -63*w + 237. Determine z(4).
-15
Let h(v) = 83*v - 2248. Calculate h(28).
76
Let p(y) = -y**2 + 5*y + 414. Give p(-19).
-42
Let w(c) = -c**2 + 542*c - 4300. Calculate w(8).
-28
Let p(u) = u**3 - 28*u**2 - 475*u - 202. Give p(40).
-2
Let f(j) = 2767*j - 19352. Determine f(7).
17
Let a(b) = -b**2 - 229*b - 3598. Calculate a(-17).
6
Let a(y) = y**3 + 6*y**2 - 283*y - 1171. What is a(-4)?
-7
Let c(b) = 26*b - 536. Give c(21).
10
Let s(h) = h**3 - 40*h**2 - 125*h - 93. Calculate s(43).
79
Let g(w) = 2*w**2 + 45*w - 1953. Calculate g(22).
5
Let f(d) = -98*d - 1594. Calculate f(-18).
170
Let o(b) = b**3 - 3*b**2 + 910*b - 4621. Calculate o(5).
-21
Let l(m) = -m**3 + m**2 - 3*m - 17. Calculate l(-2).
1
Let c(z) = -z**3 - 62*z**2 + 127*z - 62. Give c(-64).
2
Let i(q) = 106*q + 550. Calculate i(-5).
20
Let q(d) = 42*d**2 - 118*d - 10. Calculate q(3).
14
Let h(k) = -k**3 - 3*k**2 - 15*k + 8. Determine h(-3).
53
Let t(v) = 103*v**2 - 22*v - 23. Calculate t(-1).
102
Let p(y) = -26*y + 1163. Determine p(45).
-7
Let v(s) = -81*s + 401. Determine v(5).
-4
Let w(n) = -n**3 - 2*n**2 - 13*n - 35. Give w(-2).
-9
Let c(u) = -u**3 + 4*u**2 + 47*u - 169. Calculate c(4).
19
Let x(f) = f**2 - 44*f - 179. Give x(48).
13
Let a(m) = 1301*m - 6497. What is a(5)?
8
Let m(x) = x**3 - 17*x**2 + 70*x - 1577. Calculate m(18).
7
Let x(g) = 29*g + 730. Determine x(-28).
-82
Let c(h) = -4*h**3 - 27*h**2 - 12*h + 13. Give c(-6).
-23
Let i(g) = g**3 + 20*g**2 + 41*g - 145. Determine i(-17).
25
Let y(s) = s**3 - 2*s**2 + 496*s - 2025. What is y(4)?
-9
Let i(q) = 3*q**3 - q**2 - 10*q + 152. Calculate i(0).
152
Let t(d) = -d**2 + 11*d + 234. Calculate t(-23).
-548
Let r(m) = 22*m**2 + 7*m + 10. What is r(-2)?
84
Let d(f) = f**2 + 41*f - 453. Calculate d(-31).
-763
Let l(g) = g**2 - 2*g + 111. Give l(0).
111
Let y(n) = 172*n + 3269. Calculate y(-19).
1
Let r(v) = -v**3 - 42*v**2 - 393*v + 184. Determine r(-15).
4
Let n(z) = 1113*z + 6826. What is n(-6)?
148
Let n(t) = t**3 - 6*t**2 + 61*t - 183. Give n(3).
-27
Let w(j) = -143*j + 1294. Determine w(9).
7
Let f(i) = 17*i**2 + 50*i - 156. Give f(3).
147
Let k(h) = h**2 + 89*h + 1393. Determine k(-20).
13
Let l(y) = 151*y + 1951. Give l(-13).
-12
Let q(s) = -2*s**2 + 5*s + 22. Calculate q(-8).
-146
Let f(g) = g**3 + 6*g**2 - 31*g + 272. Give f(-11).
8
Let c(u) = -2*u**3 + 51*u**2 + 408*u + 259. Determine c(32).
3
Let h(f) = -3*f**3 + 114*f**2 + 12*f - 418. Give h(38).
38
Let a(z) = z**3 + 4*z**2 + 3*z + 13. Calculate a(-6).
-77
Let o(n) = -n**